[INFO] cloning repository https://github.com/MissionKontrol/maze_walker
[INFO] running `Command { std: "git" "-c" "credential.helper=" "-c" "credential.helper=/workspace/cargo-home/bin/git-credential-null" "clone" "--bare" "https://github.com/MissionKontrol/maze_walker" "/workspace/cache/git-repos/https%3A%2F%2Fgithub.com%2FMissionKontrol%2Fmaze_walker", kill_on_drop: false }`
[INFO] [stderr] Cloning into bare repository '/workspace/cache/git-repos/https%3A%2F%2Fgithub.com%2FMissionKontrol%2Fmaze_walker'...
[INFO] running `Command { std: "git" "rev-parse" "HEAD", kill_on_drop: false }`
[INFO] [stdout] d979b77c35a84e04b7a737fd6e557ae116cd181c
[INFO] checking MissionKontrol/maze_walker against master#9610dfe5a9a731ced1ea4923ecbd0c57fe367898 for beta-170-4
[INFO] running `Command { std: "git" "clone" "/workspace/cache/git-repos/https%3A%2F%2Fgithub.com%2FMissionKontrol%2Fmaze_walker" "/workspace/builds/worker-5-tc1/source", kill_on_drop: false }`
[INFO] [stderr] Cloning into '/workspace/builds/worker-5-tc1/source'...
[INFO] [stderr] done.
[INFO] validating manifest of git repo https://github.com/MissionKontrol/maze_walker on toolchain 9610dfe5a9a731ced1ea4923ecbd0c57fe367898
[INFO] running `Command { std: CARGO_HOME="/workspace/cargo-home" RUSTUP_HOME="/workspace/rustup-home" "/workspace/cargo-home/bin/cargo" "+9610dfe5a9a731ced1ea4923ecbd0c57fe367898" "metadata" "--manifest-path" "Cargo.toml" "--no-deps", kill_on_drop: false }`
[INFO] started tweaking git repo https://github.com/MissionKontrol/maze_walker
[INFO] finished tweaking git repo https://github.com/MissionKontrol/maze_walker
[INFO] tweaked toml for git repo https://github.com/MissionKontrol/maze_walker written to /workspace/builds/worker-5-tc1/source/Cargo.toml
[INFO] crate git repo https://github.com/MissionKontrol/maze_walker already has a lockfile, it will not be regenerated
[INFO] running `Command { std: CARGO_HOME="/workspace/cargo-home" RUSTUP_HOME="/workspace/rustup-home" "/workspace/cargo-home/bin/cargo" "+9610dfe5a9a731ced1ea4923ecbd0c57fe367898" "fetch" "--manifest-path" "Cargo.toml", kill_on_drop: false }`
[INFO] [stderr] warning: Found `debug_assertions` in `target.'cfg(...)'.dependencies`. This value is not supported for selecting dependencies and will not work as expected. To learn more visit https://doc.rust-lang.org/cargo/reference/specifying-dependencies.html#platform-specific-dependencies
[INFO] [stderr]  Downloading crates ...
[INFO] [stderr]   Downloaded wasm-bindgen-test-macro v0.2.50
[INFO] [stderr]   Downloaded wasm-bindgen-test v0.2.50
[INFO] running `Command { std: "docker" "create" "-v" "/var/lib/crater-agent-workspace/builds/worker-5-tc1/target:/opt/rustwide/target:rw,Z" "-v" "/var/lib/crater-agent-workspace/builds/worker-5-tc1/source:/opt/rustwide/workdir:ro,Z" "-v" "/var/lib/crater-agent-workspace/cargo-home:/opt/rustwide/cargo-home:ro,Z" "-v" "/var/lib/crater-agent-workspace/rustup-home:/opt/rustwide/rustup-home:ro,Z" "-e" "SOURCE_DIR=/opt/rustwide/workdir" "-e" "CARGO_TARGET_DIR=/opt/rustwide/target" "-e" "CARGO_HOME=/opt/rustwide/cargo-home" "-e" "RUSTUP_HOME=/opt/rustwide/rustup-home" "-w" "/opt/rustwide/workdir" "-m" "1610612736" "--user" "0:0" "--network" "none" "ghcr.io/rust-lang/crates-build-env/linux@sha256:19e73879b68f455e41552ea35293514db52ea292d993f571636dbffedb77a1ee" "/opt/rustwide/cargo-home/bin/cargo" "+9610dfe5a9a731ced1ea4923ecbd0c57fe367898" "metadata" "--no-deps" "--format-version=1", kill_on_drop: false }`
[INFO] [stdout] cb5d7875bfa9c68c9096cbdcb658e233d07e4086262ca02cb3cea2291fe3fbc6
[INFO] running `Command { std: "docker" "start" "-a" "cb5d7875bfa9c68c9096cbdcb658e233d07e4086262ca02cb3cea2291fe3fbc6", kill_on_drop: false }`
[INFO] running `Command { std: "docker" "inspect" "cb5d7875bfa9c68c9096cbdcb658e233d07e4086262ca02cb3cea2291fe3fbc6", kill_on_drop: false }`
[INFO] running `Command { std: "docker" "rm" "-f" "cb5d7875bfa9c68c9096cbdcb658e233d07e4086262ca02cb3cea2291fe3fbc6", kill_on_drop: false }`
[INFO] [stdout] cb5d7875bfa9c68c9096cbdcb658e233d07e4086262ca02cb3cea2291fe3fbc6
[INFO] running `Command { std: "docker" "create" "-v" "/var/lib/crater-agent-workspace/builds/worker-5-tc1/target:/opt/rustwide/target:rw,Z" "-v" "/var/lib/crater-agent-workspace/builds/worker-5-tc1/source:/opt/rustwide/workdir:ro,Z" "-v" "/var/lib/crater-agent-workspace/cargo-home:/opt/rustwide/cargo-home:ro,Z" "-v" "/var/lib/crater-agent-workspace/rustup-home:/opt/rustwide/rustup-home:ro,Z" "-e" "SOURCE_DIR=/opt/rustwide/workdir" "-e" "CARGO_TARGET_DIR=/opt/rustwide/target" "-e" "CARGO_INCREMENTAL=0" "-e" "RUST_BACKTRACE=full" "-e" "RUSTFLAGS=--cap-lints=forbid" "-e" "RUSTDOCFLAGS=--cap-lints=forbid" "-e" "CARGO_HOME=/opt/rustwide/cargo-home" "-e" "RUSTUP_HOME=/opt/rustwide/rustup-home" "-w" "/opt/rustwide/workdir" "-m" "1610612736" "--user" "0:0" "--network" "none" "ghcr.io/rust-lang/crates-build-env/linux@sha256:19e73879b68f455e41552ea35293514db52ea292d993f571636dbffedb77a1ee" "/opt/rustwide/cargo-home/bin/cargo" "+9610dfe5a9a731ced1ea4923ecbd0c57fe367898" "check" "--frozen" "--all" "--all-targets" "--message-format=json", kill_on_drop: false }`
[INFO] [stdout] 05da6cabe4a142782f1a3a30d2c036ff21f3e3b6ff6549b203b91997902c28cd
[INFO] running `Command { std: "docker" "start" "-a" "05da6cabe4a142782f1a3a30d2c036ff21f3e3b6ff6549b203b91997902c28cd", kill_on_drop: false }`
[INFO] [stderr] warning: Found `debug_assertions` in `target.'cfg(...)'.dependencies`. This value is not supported for selecting dependencies and will not work as expected. To learn more visit https://doc.rust-lang.org/cargo/reference/specifying-dependencies.html#platform-specific-dependencies
[INFO] [stderr]    Compiling proc-macro2 v1.0.37
[INFO] [stderr]    Compiling unicode-xid v0.2.2
[INFO] [stderr]    Compiling log v0.4.16
[INFO] [stderr]    Compiling wasm-bindgen-shared v0.2.80
[INFO] [stderr]    Compiling syn v1.0.91
[INFO] [stderr]    Compiling cfg-if v1.0.0
[INFO] [stderr]    Compiling bumpalo v3.9.1
[INFO] [stderr]    Compiling lazy_static v1.4.0
[INFO] [stderr]    Compiling wasm-bindgen v0.2.80
[INFO] [stderr]    Compiling crc32fast v1.3.2
[INFO] [stderr]    Compiling proc-macro2 v0.4.30
[INFO] [stderr]    Compiling unicode-xid v0.1.0
[INFO] [stderr]     Checking adler32 v1.2.0
[INFO] [stderr]     Checking adler v1.0.2
[INFO] [stderr]     Checking bitflags v1.3.2
[INFO] [stderr]     Checking futures v0.1.31
[INFO] [stderr]     Checking scoped-tls v1.0.0
[INFO] [stderr]     Checking deflate v1.0.0
[INFO] [stderr]     Checking miniz_oxide v0.5.1
[INFO] [stderr]     Checking png v0.17.5
[INFO] [stderr]    Compiling quote v0.6.13
[INFO] [stderr]    Compiling quote v1.0.18
[INFO] [stderr]    Compiling wasm-bindgen-test-macro v0.2.50
[INFO] [stderr]    Compiling wasm-bindgen-backend v0.2.80
[INFO] [stderr]    Compiling wasm-bindgen-macro-support v0.2.80
[INFO] [stderr]    Compiling wasm-bindgen-macro v0.2.80
[INFO] [stderr]     Checking js-sys v0.3.57
[INFO] [stderr]     Checking console_error_panic_hook v0.1.7
[INFO] [stderr]     Checking web-sys v0.3.57
[INFO] [stderr]     Checking wasm-bindgen-futures v0.3.27
[INFO] [stderr]     Checking wasm-bindgen-test v0.2.50
[INFO] [stderr]     Checking maze_walker v0.1.0 (/opt/rustwide/workdir)
[INFO] [stdout] error[E0599]: no method named `get_start` found for tuple `(Point, Point)` in the current scope
[INFO] [stdout]   --> src/main.rs:15:47
[INFO] [stdout]    |
[INFO] [stdout] 15 |     println!("Entrances {:?} {:?}", entrances.get_start(), entrances.get_end());
[INFO] [stdout]    |                                               ^^^^^^^^^ method not found in `(Point, Point)`
[INFO] [stdout] 
[INFO] [stdout] 
[INFO] [stdout] error[E0599]: no method named `get_start` found for tuple `(Point, Point)` in the current scope
[INFO] [stdout]   --> src/main.rs:15:47
[INFO] [stdout]    |
[INFO] [stdout] 15 |     println!("Entrances {:?} {:?}", entrances.get_start(), entrances.get_end());
[INFO] [stdout]    |                                               ^^^^^^^^^ method not found in `(Point, Point)`
[INFO] [stdout] 
[INFO] [stdout] 
[INFO] [stdout] error[E0599]: no method named `get_end` found for tuple `(Point, Point)` in the current scope
[INFO] [stdout]   --> src/main.rs:15:70
[INFO] [stdout]    |
[INFO] [stdout] 15 |     println!("Entrances {:?} {:?}", entrances.get_start(), entrances.get_end());
[INFO] [stdout]    |                                                                      ^^^^^^^ method not found in `(Point, Point)`
[INFO] [stdout] 
[INFO] [stdout] 
[INFO] [stdout] error[E0599]: no method named `get_end` found for tuple `(Point, Point)` in the current scope
[INFO] [stdout]   --> src/main.rs:15:70
[INFO] [stdout]    |
[INFO] [stdout] 15 |     println!("Entrances {:?} {:?}", entrances.get_start(), entrances.get_end());
[INFO] [stdout]    |                                                                      ^^^^^^^ method not found in `(Point, Point)`
[INFO] [stdout] 
[INFO] [stdout] 
[INFO] [stdout] error[E0599]: no method named `get_start` found for tuple `(Point, Point)` in the current scope
[INFO] [stdout]   --> src/main.rs:16:33
[INFO] [stdout]    |
[INFO] [stdout] 16 |     maze.solve_maze( &entrances.get_start(), &entrances.get_end());
[INFO] [stdout]    |                                 ^^^^^^^^^ method not found in `(Point, Point)`
[INFO] [stdout] 
[INFO] [stdout] 
[INFO] [stdout] error[E0599]: no method named `get_start` found for tuple `(Point, Point)` in the current scope
[INFO] [stdout]   --> src/main.rs:16:33
[INFO] [stdout]    |
[INFO] [stdout] 16 |     maze.solve_maze( &entrances.get_start(), &entrances.get_end());
[INFO] [stdout]    |                                 ^^^^^^^^^ method not found in `(Point, Point)`
[INFO] [stdout] 
[INFO] [stdout] 
[INFO] [stdout] error[E0599]: no method named `get_end` found for tuple `(Point, Point)` in the current scope
[INFO] [stdout]   --> src/main.rs:16:57
[INFO] [stdout]    |
[INFO] [stdout] 16 |     maze.solve_maze( &entrances.get_start(), &entrances.get_end());
[INFO] [stdout]    |                                                         ^^^^^^^ method not found in `(Point, Point)`
[INFO] [stdout] 
[INFO] [stdout] 
[INFO] [stdout] error[E0599]: no method named `get_end` found for tuple `(Point, Point)` in the current scope
[INFO] [stdout]   --> src/main.rs:16:57
[INFO] [stdout]    |
[INFO] [stdout] 16 |     maze.solve_maze( &entrances.get_start(), &entrances.get_end());
[INFO] [stdout]    |                                                         ^^^^^^^ method not found in `(Point, Point)`
[INFO] [stdout] 
[INFO] [stdout] 
[INFO] [stdout] error: aborting due to 4 previous errors
[INFO] [stdout] 
[INFO] [stdout] 
[INFO] [stdout] For more information about this error, try `rustc --explain E0599`.
[INFO] [stdout] 
[INFO] [stdout] error: aborting due to 4 previous errors
[INFO] [stdout] 
[INFO] [stdout] 
[INFO] [stdout] For more information about this error, try `rustc --explain E0599`.
[INFO] [stdout] 
[INFO] [stderr] error: could not compile `maze_walker` (bin "maze_walker" test) due to 5 previous errors
[INFO] [stderr] warning: build failed, waiting for other jobs to finish...
[INFO] [stderr] error: could not compile `maze_walker` (bin "maze_walker") due to 5 previous errors
[INFO] running `Command { std: "docker" "inspect" "05da6cabe4a142782f1a3a30d2c036ff21f3e3b6ff6549b203b91997902c28cd", kill_on_drop: false }`
[INFO] running `Command { std: "docker" "rm" "-f" "05da6cabe4a142782f1a3a30d2c036ff21f3e3b6ff6549b203b91997902c28cd", kill_on_drop: false }`
[INFO] [stdout] 05da6cabe4a142782f1a3a30d2c036ff21f3e3b6ff6549b203b91997902c28cd
